Last updated on 2025-05-21 04:49:52 CEST.
Flavor | Version | Tinstall | Tcheck | Ttotal | Status | Flags |
---|---|---|---|---|---|---|
r-devel-linux-x86_64-debian-clang | 0.3-5 | 12.75 | 153.27 | 166.02 | OK | |
r-devel-linux-x86_64-debian-gcc | 0.3-5 | 10.27 | 103.30 | 113.57 | OK | |
r-devel-linux-x86_64-fedora-clang | 0.3-5 | 273.75 | OK | |||
r-devel-linux-x86_64-fedora-gcc | 0.3-5 | 242.55 | OK | |||
r-devel-windows-x86_64 | 0.3-5 | 15.00 | 147.00 | 162.00 | OK | |
r-patched-linux-x86_64 | 0.3-4 | 12.49 | 131.02 | 143.51 | NOTE | |
r-release-linux-x86_64 | 0.3-4 | 11.38 | 131.30 | 142.68 | NOTE | |
r-release-macos-arm64 | 0.3-5 | 69.00 | OK | |||
r-release-macos-x86_64 | 0.3-5 | 160.00 | OK | |||
r-release-windows-x86_64 | 0.3-5 | 14.00 | 145.00 | 159.00 | OK | |
r-oldrel-macos-arm64 | 0.3-5 | 68.00 | OK | |||
r-oldrel-macos-x86_64 | 0.3-5 | 159.00 | OK | |||
r-oldrel-windows-x86_64 | 0.3-4 | 18.00 | 180.00 | 198.00 | OK |
Version: 0.3-4
Check: Rd cross-references
Result: NOTE
Found the following Rd file(s) with Rd \link{} targets missing package
anchors:
plot.balancetest.Rd: ggplot, scale_color_manual
Please provide package anchors for all Rd \link{} targets not in the
package itself and the base packages.
Flavors: r-patched-linux-x86_64, r-release-linux-x86_64