Last updated on 2025-05-21 04:49:48 CEST.
Flavor | Version | Tinstall | Tcheck | Ttotal | Status | Flags |
---|---|---|---|---|---|---|
r-devel-linux-x86_64-debian-clang | 1.2.1 | 5.34 | 42.46 | 47.80 | NOTE | |
r-devel-linux-x86_64-debian-gcc | 1.2.1 | 3.99 | 30.86 | 34.85 | NOTE | |
r-devel-linux-x86_64-fedora-clang | 1.2.1 | 76.44 | OK | |||
r-devel-linux-x86_64-fedora-gcc | 1.2.1 | 71.91 | OK | |||
r-devel-windows-x86_64 | 1.2.1 | 6.00 | 67.00 | 73.00 | NOTE | |
r-patched-linux-x86_64 | 1.2.1 | 5.62 | 39.99 | 45.61 | NOTE | |
r-release-linux-x86_64 | 1.2.1 | 4.99 | 40.34 | 45.33 | NOTE | |
r-release-macos-arm64 | 1.2.1 | 29.00 | OK | |||
r-release-macos-x86_64 | 1.2.1 | 47.00 | OK | |||
r-release-windows-x86_64 | 1.2.1 | 6.00 | 79.00 | 85.00 | NOTE | |
r-oldrel-macos-arm64 | 1.2.1 | 29.00 | OK | |||
r-oldrel-macos-x86_64 | 1.2.1 | 40.00 | OK | |||
r-oldrel-windows-x86_64 | 1.2.1 | 9.00 | 77.00 | 86.00 | OK |
Version: 1.2.1
Check: CRAN incoming feasibility
Result: NOTE
Maintainer: ‘Sylvain Mareschal <maressyl@gmail.com>’
No Authors@R field in DESCRIPTION.
Please add one, modifying
Authors@R: person(given = "Sylvain",
family = "Mareschal",
role = c("aut", "cre"),
email = "maressyl@gmail.com")
as necessary.
Flavors: r-devel-linux-x86_64-debian-clang, r-devel-linux-x86_64-debian-gcc
Version: 1.2.1
Check: Rd cross-references
Result: NOTE
Found the following Rd file(s) with Rd \link{} targets missing package
anchors:
ODB-class.Rd: JDBCConnection-class, DBIConnection-class,
DBIObject-class
isClosed.Rd: dbConnect, dbDisconnect
odb.tables.Rd: dbColumnInfo
Please provide package anchors for all Rd \link{} targets not in the
package itself and the base packages.
Flavors: r-devel-linux-x86_64-debian-clang, r-devel-linux-x86_64-debian-gcc, r-devel-windows-x86_64, r-patched-linux-x86_64, r-release-linux-x86_64, r-release-windows-x86_64