Last updated on 2025-05-20 03:50:17 CEST.
Flavor | Version | Tinstall | Tcheck | Ttotal | Status | Flags |
---|---|---|---|---|---|---|
r-devel-linux-x86_64-debian-clang | 2.0.0 | 6.62 | 53.45 | 60.07 | OK | |
r-devel-linux-x86_64-debian-gcc | 2.0.0 | 4.90 | 40.29 | 45.19 | OK | |
r-devel-linux-x86_64-fedora-clang | 2.0.0 | 93.03 | OK | |||
r-devel-linux-x86_64-fedora-gcc | 2.0.0 | 88.09 | OK | |||
r-devel-windows-x86_64 | 2.0.0 | 7.00 | 64.00 | 71.00 | OK | |
r-patched-linux-x86_64 | 2.0.0 | 5.36 | 50.85 | 56.21 | OK | |
r-release-linux-x86_64 | 2.0.0 | 6.30 | 50.56 | 56.86 | OK | |
r-release-macos-arm64 | 2.0.0 | 32.00 | OK | |||
r-release-macos-x86_64 | 2.0.0 | 51.00 | OK | |||
r-release-windows-x86_64 | 2.0.0 | 7.00 | 74.00 | 81.00 | OK | |
r-oldrel-macos-arm64 | 2.0.0 | 29.00 | NOTE | |||
r-oldrel-macos-x86_64 | 2.0.0 | 45.00 | NOTE | |||
r-oldrel-windows-x86_64 | 2.0.0 | 10.00 | 78.00 | 88.00 | NOTE |
Version: 2.0.0
Check: LazyData
Result: NOTE
'LazyData' is specified without a 'data' directory
Flavors: r-oldrel-macos-arm64, r-oldrel-macos-x86_64, r-oldrel-windows-x86_64