CRAN Package Check Results for Package MetricGraph

Last updated on 2025-05-20 03:50:16 CEST.

Flavor Version Tinstall Tcheck Ttotal Status Flags
r-devel-linux-x86_64-debian-clang 1.4.1 82.14 216.34 298.48 OK
r-devel-linux-x86_64-debian-gcc 1.4.1 60.85 164.21 225.06 OK
r-devel-linux-x86_64-fedora-clang 1.5.0 507.16 OK
r-devel-linux-x86_64-fedora-gcc 1.4.1 528.66 OK
r-devel-windows-x86_64 1.5.0 84.00 240.00 324.00 OK
r-patched-linux-x86_64 1.4.1 83.52 204.35 287.87 OK
r-release-linux-x86_64 1.4.1 84.06 206.26 290.32 OK
r-release-macos-arm64 1.5.0 127.00 OK
r-release-macos-x86_64 1.4.1 192.00 OK
r-release-windows-x86_64 1.4.1 84.00 220.00 304.00 OK
r-oldrel-macos-arm64 1.5.0 134.00 NOTE
r-oldrel-macos-x86_64 1.4.1 218.00 NOTE
r-oldrel-windows-x86_64 1.4.1 108.00 289.00 397.00 OK

Check Details

Version: 1.5.0
Check: package dependencies
Result: NOTE Package suggested but not available for checking: ‘INLA’ Flavor: r-oldrel-macos-arm64

Version: 1.5.0
Check: installed package size
Result: NOTE installed size is 14.4Mb sub-directories of 1Mb or more: R 1.1Mb libs 12.6Mb Flavor: r-oldrel-macos-arm64

Version: 1.4.1
Check: package dependencies
Result: NOTE Package suggested but not available for checking: ‘INLA’ Flavor: r-oldrel-macos-x86_64

Version: 1.4.1
Check: installed package size
Result: NOTE installed size is 14.5Mb sub-directories of 1Mb or more: libs 12.8Mb Flavor: r-oldrel-macos-x86_64