Last updated on 2025-05-21 04:49:45 CEST.
Flavor | Version | Tinstall | Tcheck | Ttotal | Status | Flags |
---|---|---|---|---|---|---|
r-devel-linux-x86_64-debian-clang | 0.5.1 | 8.33 | 42.62 | 50.95 | NOTE | |
r-devel-linux-x86_64-debian-gcc | 0.5.1 | 6.47 | 29.13 | 35.60 | NOTE | |
r-devel-linux-x86_64-fedora-clang | 0.5.1 | 83.50 | OK | |||
r-devel-linux-x86_64-fedora-gcc | 0.5.1 | 77.44 | OK | |||
r-devel-windows-x86_64 | 0.5.1 | 9.00 | 56.00 | 65.00 | OK | |
r-patched-linux-x86_64 | 0.5.1 | 8.44 | 40.10 | 48.54 | OK | |
r-release-linux-x86_64 | 0.5.1 | 7.79 | 40.62 | 48.41 | OK | |
r-release-macos-arm64 | 0.5.1 | 29.00 | OK | |||
r-release-macos-x86_64 | 0.5.1 | 48.00 | OK | |||
r-release-windows-x86_64 | 0.5.1 | 10.00 | 71.00 | 81.00 | OK | |
r-oldrel-macos-arm64 | 0.5.1 | 22.00 | OK | |||
r-oldrel-macos-x86_64 | 0.5.1 | 36.00 | OK | |||
r-oldrel-windows-x86_64 | 0.5.1 | 10.00 | 65.00 | 75.00 | OK |
Version: 0.5.1
Check: CRAN incoming feasibility
Result: NOTE
Maintainer: ‘Konrad Klotzke <omd.bms.utwente.stats@gmail.com>’
No Authors@R field in DESCRIPTION.
Please add one, modifying
Authors@R: c(person(given = "Jean-Paul",
family = "Fox",
role = "aut"),
person(given = "Konrad",
family = "Klotzke",
role = c("aut", "cre"),
email = "omd.bms.utwente.stats@gmail.com"),
person(given = c("Rinke", "Klein"),
family = "Entink",
role = "aut"))
as necessary.
Flavors: r-devel-linux-x86_64-debian-clang, r-devel-linux-x86_64-debian-gcc