Last updated on 2025-05-21 04:49:43 CEST.
Flavor | Version | Tinstall | Tcheck | Ttotal | Status | Flags |
---|---|---|---|---|---|---|
r-devel-linux-x86_64-debian-clang | 1.1.9 | 14.55 | 95.45 | 110.00 | OK | |
r-devel-linux-x86_64-debian-gcc | 1.1.9 | 10.71 | 63.96 | 74.67 | OK | |
r-devel-linux-x86_64-fedora-clang | 1.1.9 | 165.31 | OK | |||
r-devel-linux-x86_64-fedora-gcc | 1.1.9 | 171.55 | OK | |||
r-devel-windows-x86_64 | 1.1.9 | 16.00 | 94.00 | 110.00 | OK | |
r-patched-linux-x86_64 | 1.1.9 | 12.13 | 87.48 | 99.61 | OK | |
r-release-linux-x86_64 | 1.1.9 | 12.54 | 87.44 | 99.98 | OK | |
r-release-macos-arm64 | 1.1.9 | 46.00 | OK | |||
r-release-macos-x86_64 | 1.1.9 | 84.00 | OK | |||
r-release-windows-x86_64 | 1.1.9 | 15.00 | 93.00 | 108.00 | OK | |
r-oldrel-macos-arm64 | 1.1.9 | 46.00 | NOTE | |||
r-oldrel-macos-x86_64 | 1.1.9 | 68.00 | NOTE | |||
r-oldrel-windows-x86_64 | 1.1.9 | 19.00 | 115.00 | 134.00 | NOTE |
Version: 1.1.9
Check: LazyData
Result: NOTE
'LazyData' is specified without a 'data' directory
Flavors: r-oldrel-macos-arm64, r-oldrel-macos-x86_64, r-oldrel-windows-x86_64