CRAN Package Check Results for Package GencoDymo2

Last updated on 2025-05-21 04:49:42 CEST.

Flavor Version Tinstall Tcheck Ttotal Status Flags
r-devel-linux-x86_64-debian-clang 1.0.1 45.55 401.54 447.09 OK
r-devel-linux-x86_64-debian-gcc 1.0.1 33.03 297.14 330.17 OK
r-devel-linux-x86_64-fedora-clang 1.0.1 736.53 OK
r-devel-linux-x86_64-fedora-gcc 1.0.1 700.87 OK
r-devel-windows-x86_64 1.0.1 46.00 347.00 393.00 OK
r-release-linux-x86_64 1.0.1 39.78 376.25 416.03 OK
r-release-macos-arm64 1.0.1 5.00 ERROR
r-release-macos-x86_64 1.0.1 6.00 ERROR
r-release-windows-x86_64 1.0.1 43.00 344.00 387.00 OK
r-oldrel-macos-arm64 1.0.1 9.00 ERROR
r-oldrel-macos-x86_64 1.0.1 11.00 ERROR

Check Details

Version: 1.0.1
Check: package dependencies
Result: ERROR Package required but not available: ‘BSgenome.Hsapiens.UCSC.hg38’ See section ‘The DESCRIPTION file’ in the ‘Writing R Extensions’ manual. Flavors: r-release-macos-arm64, r-release-macos-x86_64

Version: 1.0.1
Check: package dependencies
Result: ERROR Package required but not available: ‘BSgenome.Hsapiens.UCSC.hg38’ Package required and available but unsuitable version: ‘GenomicRanges’ See section ‘The DESCRIPTION file’ in the ‘Writing R Extensions’ manual. Flavor: r-oldrel-macos-arm64

Version: 1.0.1
Check: package dependencies
Result: ERROR Package required but not available: ‘BSgenome.Hsapiens.UCSC.hg38’ Packages required and available but unsuitable versions: 'Biostrings', 'GenomicRanges', 'rtracklayer' See section ‘The DESCRIPTION file’ in the ‘Writing R Extensions’ manual. Flavor: r-oldrel-macos-x86_64