Last updated on 2025-05-21 04:49:43 CEST.
Flavor | Version | Tinstall | Tcheck | Ttotal | Status | Flags |
---|---|---|---|---|---|---|
r-devel-linux-x86_64-debian-clang | 1.0 | 4.95 | 42.94 | 47.89 | NOTE | |
r-devel-linux-x86_64-debian-gcc | 1.0 | 3.15 | 31.83 | 34.98 | NOTE | |
r-devel-linux-x86_64-fedora-clang | 1.0 | 79.56 | OK | |||
r-devel-linux-x86_64-fedora-gcc | 1.0 | 83.84 | OK | |||
r-devel-windows-x86_64 | 1.0 | 5.00 | 63.00 | 68.00 | OK | |
r-patched-linux-x86_64 | 1.0 | 4.90 | 38.85 | 43.75 | OK | |
r-release-linux-x86_64 | 1.0 | 4.21 | 39.99 | 44.20 | OK | |
r-release-macos-arm64 | 1.0 | 31.00 | OK | |||
r-release-macos-x86_64 | 1.0 | 71.00 | OK | |||
r-release-windows-x86_64 | 1.0 | 5.00 | 62.00 | 67.00 | OK | |
r-oldrel-macos-arm64 | 1.0 | 31.00 | OK | |||
r-oldrel-macos-x86_64 | 1.0 | 46.00 | OK | |||
r-oldrel-windows-x86_64 | 1.0 | 7.00 | 71.00 | 78.00 | OK |
Version: 1.0
Check: CRAN incoming feasibility
Result: NOTE
Maintainer: ‘Xueyuan Cao <xcao12@uthsc.edu>’
Found the following \keyword or \concept entries
which likely give several index terms:
File ‘gsda.Rd’:
\keyword{association;}
\keyword{enrichment;}
Flavors: r-devel-linux-x86_64-debian-clang, r-devel-linux-x86_64-debian-gcc