Last updated on 2025-05-20 03:50:08 CEST.
Flavor | Version | Tinstall | Tcheck | Ttotal | Status | Flags |
---|---|---|---|---|---|---|
r-devel-linux-x86_64-debian-clang | 0.99.60 | 91.88 | 361.98 | 453.86 | OK | |
r-devel-linux-x86_64-debian-gcc | 0.99.60 | 62.76 | 233.15 | 295.91 | OK | |
r-devel-linux-x86_64-fedora-clang | 0.99.60 | 721.32 | OK | |||
r-devel-linux-x86_64-fedora-gcc | 0.99.60 | 718.41 | OK | |||
r-devel-windows-x86_64 | 0.99.60 | 105.00 | 491.00 | 596.00 | OK | |
r-patched-linux-x86_64 | 0.99.60 | 101.83 | 338.74 | 440.57 | OK | |
r-release-linux-x86_64 | 0.99.60 | 88.63 | 339.00 | 427.63 | OK | |
r-release-macos-arm64 | 0.99.60 | 161.00 | OK | |||
r-release-macos-x86_64 | 0.99.60 | 266.00 | OK | |||
r-release-windows-x86_64 | 0.99.60 | 101.00 | 484.00 | 585.00 | OK | |
r-oldrel-macos-arm64 | 0.99.60 | 139.00 | NOTE | |||
r-oldrel-macos-x86_64 | 0.99.60 | 278.00 | NOTE | |||
r-oldrel-windows-x86_64 | 0.99.60 | 127.00 | 622.00 | 749.00 | NOTE |
Version: 0.99.60
Check: package dependencies
Result: NOTE
Package suggested but not available for checking: ‘RDCOMClient’
Flavors: r-oldrel-macos-arm64, r-oldrel-macos-x86_64, r-oldrel-windows-x86_64
Version: 0.99.60
Check: installed package size
Result: NOTE
installed size is 9.9Mb
sub-directories of 1Mb or more:
R 2.0Mb
doc 1.8Mb
help 1.6Mb
libs 3.8Mb
Flavors: r-oldrel-macos-arm64, r-oldrel-macos-x86_64, r-oldrel-windows-x86_64