CRAN Package Check Results for Package DeltaMAN

Last updated on 2025-05-21 04:49:39 CEST.

Flavor Version Tinstall Tcheck Ttotal Status Flags
r-devel-linux-x86_64-debian-clang 0.5.0 2.70 23.75 26.45 OK
r-devel-linux-x86_64-debian-gcc 0.5.0 2.60 18.25 20.85 OK
r-devel-linux-x86_64-fedora-clang 0.5.0 44.06 NOTE
r-devel-linux-x86_64-fedora-gcc 0.5.0 41.36 NOTE
r-devel-windows-x86_64 0.5.0 5.00 44.00 49.00 OK
r-patched-linux-x86_64 0.5.0 3.03 22.73 25.76 OK
r-release-linux-x86_64 0.5.0 3.09 23.12 26.21 OK
r-release-macos-arm64 0.5.0 26.00 OK
r-release-macos-x86_64 0.5.0 29.00 OK
r-release-windows-x86_64 0.5.0 7.00 43.00 50.00 OK
r-oldrel-macos-arm64 0.5.0 18.00 OK
r-oldrel-macos-x86_64 0.5.0 25.00 OK
r-oldrel-windows-x86_64 0.5.0 6.00 49.00 55.00 OK

Check Details

Version: 0.5.0
Check: dependencies in R code
Result: NOTE Namespaces in Imports field not imported from: ‘knitr’ ‘shinyBS’ ‘shinyMatrix’ All declared Imports should be used. Flavors: r-devel-linux-x86_64-fedora-clang, r-devel-linux-x86_64-fedora-gcc