CRAN Package Check Results for Package Counterfactual

Last updated on 2025-05-21 04:49:38 CEST.

Flavor Version Tinstall Tcheck Ttotal Status Flags
r-devel-linux-x86_64-debian-clang 1.2 12.97 102.72 115.69 ERROR
r-devel-linux-x86_64-debian-gcc 1.2 9.39 82.74 92.13 NOTE
r-devel-linux-x86_64-fedora-clang 1.2 209.98 OK
r-devel-linux-x86_64-fedora-gcc 1.2 200.73 OK
r-devel-windows-x86_64 1.2 14.00 422.00 436.00 OK
r-patched-linux-x86_64 1.2 12.28 105.53 117.81 OK
r-release-linux-x86_64 1.2 12.51 106.23 118.74 OK
r-release-macos-arm64 1.2 182.00 OK
r-release-macos-x86_64 1.2 341.00 OK
r-release-windows-x86_64 1.2 14.00 410.00 424.00 OK
r-oldrel-macos-arm64 1.2 165.00 OK
r-oldrel-macos-x86_64 1.2 272.00 OK
r-oldrel-windows-x86_64 1.2 19.00 480.00 499.00 OK

Check Details

Version: 1.2
Check: CRAN incoming feasibility
Result: NOTE Maintainer: ‘Ivan Fernandez-Val <ivanf@bu.edu>’ No Authors@R field in DESCRIPTION. Please add one, modifying Authors@R: c(person(given = "Mingli", family = "Chen", role = "aut"), person(given = "Victor", family = "Chernozhukov", role = "aut"), person(given = "Ivan", family = "Fernandez-Val", role = c("aut", "cre"), email = "ivanf@bu.edu"), person(given = "Blaise", family = "Melly", role = "aut")) as necessary. Flavors: r-devel-linux-x86_64-debian-clang, r-devel-linux-x86_64-debian-gcc

Version: 1.2
Check: re-building of vignette outputs
Result: ERROR Error(s) in re-building vignettes: ... --- re-building ‘vignette.Rnw’ using Sweave Loading required package: SparseM The following objects are masked from engel (pos = 3): foodexp, income Error: processing vignette 'vignette.Rnw' failed with diagnostics: chunk 9 Error in serverSocket(port = port) : creation of server socket failed: port 11214 cannot be opened --- failed re-building ‘vignette.Rnw’ SUMMARY: processing the following file failed: ‘vignette.Rnw’ Error: Vignette re-building failed. Execution halted Flavor: r-devel-linux-x86_64-debian-clang