Last updated on 2025-05-21 04:49:37 CEST.
Flavor | Version | Tinstall | Tcheck | Ttotal | Status | Flags |
---|---|---|---|---|---|---|
r-devel-linux-x86_64-debian-clang | 2.0.3 | 70.75 | 76.57 | 147.32 | OK | |
r-devel-linux-x86_64-debian-gcc | 2.0.3 | 58.55 | 52.99 | 111.54 | OK | |
r-devel-linux-x86_64-fedora-clang | 2.0.3 | 252.51 | OK | |||
r-devel-linux-x86_64-fedora-gcc | 2.0.3 | 291.99 | OK | |||
r-devel-windows-x86_64 | 2.0.3 | 83.00 | 101.00 | 184.00 | OK | |
r-patched-linux-x86_64 | 2.0.3 | 79.74 | 70.71 | 150.45 | OK | |
r-release-linux-x86_64 | 2.0.3 | 79.04 | 68.67 | 147.71 | OK | |
r-release-macos-arm64 | 2.0.3 | 64.00 | OK | |||
r-release-macos-x86_64 | 2.0.3 | 80.00 | OK | |||
r-release-windows-x86_64 | 2.0.3 | 82.00 | 99.00 | 181.00 | OK | |
r-oldrel-macos-arm64 | 2.0.3 | 64.00 | NOTE | |||
r-oldrel-macos-x86_64 | 2.0.3 | 72.00 | NOTE | |||
r-oldrel-windows-x86_64 | 2.0.3 | 98.00 | 128.00 | 226.00 | NOTE |
Version: 2.0.3
Check: installed package size
Result: NOTE
installed size is 9.9Mb
sub-directories of 1Mb or more:
libs 9.6Mb
Flavors: r-oldrel-macos-arm64, r-oldrel-macos-x86_64
Version: 2.0.3
Check: LazyData
Result: NOTE
'LazyData' is specified without a 'data' directory
Flavors: r-oldrel-macos-arm64, r-oldrel-macos-x86_64, r-oldrel-windows-x86_64