Last updated on 2025-05-21 04:49:36 CEST.
Flavor | Version | Tinstall | Tcheck | Ttotal | Status | Flags |
---|---|---|---|---|---|---|
r-devel-linux-x86_64-debian-clang | 0.1-10 | 8.65 | 84.15 | 92.80 | NOTE | |
r-devel-linux-x86_64-debian-gcc | 0.1-10 | 7.24 | 63.74 | 70.98 | NOTE | |
r-devel-linux-x86_64-fedora-clang | 0.1-10 | 146.14 | OK | |||
r-devel-linux-x86_64-fedora-gcc | 0.1-10 | 139.85 | OK | |||
r-devel-windows-x86_64 | 0.1-10 | 10.00 | 104.00 | 114.00 | OK | |
r-patched-linux-x86_64 | 0.1-10 | 9.59 | 81.24 | 90.83 | OK | |
r-release-linux-x86_64 | 0.1-10 | 9.21 | 81.01 | 90.22 | OK | |
r-release-macos-arm64 | 0.1-10 | 52.00 | OK | |||
r-release-macos-x86_64 | 0.1-10 | 87.00 | OK | |||
r-release-windows-x86_64 | 0.1-10 | 11.00 | 105.00 | 116.00 | OK | |
r-oldrel-macos-arm64 | 0.1-10 | 41.00 | OK | |||
r-oldrel-macos-x86_64 | 0.1-10 | 67.00 | OK | |||
r-oldrel-windows-x86_64 | 0.1-10 | 15.00 | 130.00 | 145.00 | OK |
Version: 0.1-10
Check: CRAN incoming feasibility
Result: NOTE
Maintainer: ‘Frank Schaarschmidt <schaarschmidt@biostat.uni-hannover.de>’
No Authors@R field in DESCRIPTION.
Please add one, modifying
Authors@R: person(given = "Frank",
family = "Schaarschmidt",
role = c("aut", "cre"),
email = "schaarschmidt@biostat.uni-hannover.de")
as necessary.
Flavors: r-devel-linux-x86_64-debian-clang, r-devel-linux-x86_64-debian-gcc