Last updated on 2025-05-21 04:49:36 CEST.
Flavor | Version | Tinstall | Tcheck | Ttotal | Status | Flags |
---|---|---|---|---|---|---|
r-devel-linux-x86_64-debian-clang | 1.6.1 | 9.24 | 77.02 | 86.26 | NOTE | |
r-devel-linux-x86_64-debian-gcc | 1.6.1 | 8.03 | 56.65 | 64.68 | NOTE | |
r-devel-linux-x86_64-fedora-clang | 1.6.1 | 145.04 | OK | |||
r-devel-linux-x86_64-fedora-gcc | 1.6.1 | 130.72 | OK | |||
r-devel-windows-x86_64 | 1.6.1 | 11.00 | 94.00 | 105.00 | OK | |
r-patched-linux-x86_64 | 1.6.1 | 10.69 | 74.06 | 84.75 | OK | |
r-release-linux-x86_64 | 1.6.1 | 8.03 | 73.91 | 81.94 | OK | |
r-release-macos-arm64 | 1.6.1 | 42.00 | OK | |||
r-release-macos-x86_64 | 1.6.1 | 86.00 | OK | |||
r-release-windows-x86_64 | 1.6.1 | 11.00 | 112.00 | 123.00 | OK | |
r-oldrel-macos-arm64 | 1.6.1 | 40.00 | OK | |||
r-oldrel-macos-x86_64 | 1.6.1 | 75.00 | OK | |||
r-oldrel-windows-x86_64 | 1.6.1 | 13.00 | 108.00 | 121.00 | OK |
Version: 1.6.1
Check: CRAN incoming feasibility
Result: NOTE
Maintainer: ‘Gideon Bradburd <bradburd@umich.edu>’
No Authors@R field in DESCRIPTION.
Please add one, modifying
Authors@R: person(given = "Gideon",
family = "Bradburd",
role = c("aut", "cre"),
email = "bradburd@umich.edu")
as necessary.
Flavors: r-devel-linux-x86_64-debian-clang, r-devel-linux-x86_64-debian-gcc